 f = b + 57. Calculate the remainder when 194 is divided by f.
26
Suppose 2*n = -4*w - 26, 3*w - 3*n - 30 + 27 = 0. Suppose -2*z = -4*c - 3 + 17, -4*z = 12. Calculate the remainder when 25 is divided by (c - w/(-3))*21.
11
Suppose 28*j - 6405 = 7*j. Let z = j + -222. Calculate the remainder when 160 is divided by z.
77
What is the remainder when 373 is divided by -18*11/132*(-224)/6?
37
Suppose 0 = 2*j + 4*f - 118, -5*f = -2*j - 4*f + 118. Let s = j - 107. What is the remainder when 57 is divided by (s/18)/(2/(-15))?
17
Let u(h) = -4*h - 84. Let m be u(-22). Suppose -81 = -3*p - 6*a + 3*a, -m*a - 2 = -p. What is the remainder when 152 is divided by p?
20
Let i(z) = -z**3 - 19*z + 11*z**2 + 20*z**2 - 12*z**2 - 937 + 983. What is the remainder when i(18) is divided by 6?
4
Calculate the remainder when (40 + 21516/(-165))*30/(-4) is divided by 335.
8
Suppose x = -25 + 7. Let s(p) = -7*p**3 - 41*p**2 + 4*p - 3. What is the remainder when 3/x + (-422)/(-12) is divided by s(-6)?
8
Calculate the remainder when -2 - ((-352)/33 + 11)/((-2)/2994) is divided by 206.
85
Suppose -8*u + 36 + 108 = 0. Suppose -3*z + 2*v = -z - u, 4*z - 2*v = 32. Calculate the remainder when z is divided by 4.
3
Suppose -3*v = -v + 340. Let i = 324 + v. Suppose -28 = -7*m + i. What is the remainder when m is divided by 9?
8
Let g(p) = p**2 - 28*p - 275. Calculate the remainder when g(-13) is divided by 84.
6
Let o(w) = w**2 + 6*w + 1. Let i be o(-3). Let r be i*4/(-48) - (-1292)/6. Calculate the remainder when (1/2)/(1 - 212/r) is divided by 7.
6
Let j = 312 + -204. What is the remainder when 2682/j - (-2)/12 is divided by 21?
4
Suppose 161 = v - 41. What is the remainder when v is divided by -1*(-12)/18 - 170/(-15)?
10
Let v be (3/((-24)/268))/((-10)/(-20)). Let w = v - -84. Calculate the remainder when 31 is divided by w.
14
Let i = -8964 + 8982. What is the remainder when 3581 is divided by i?
17
Let n = -12750 - -12775. Calculate the remainder when 1676 is divided by n.
1
Let v be 2061/(-15) - ((-17)/5 + 4). Let s = v - -215. What is the remainder when s is divided by 26?
25
Let d(l) = l + 28. Let g be d(-5). Suppose 23 + g = n. Calculate the remainder when n is divided by 16.
14
Suppose 0 = 2*t - 4*r - 26 - 22, t + 4*r - 30 = 0. Suppose 30*h - 156 = t*h. Let y(d) = 22*d**3 + 1. Calculate the remainder when h is divided by y(1).
16
Let n = -20077 - -20279. Calculate the remainder when n is divided by 1/(-3) + (-88)/(-3).
28
Suppose 0 = 8*l - 17 - 23. Suppose 6 = -z + 3*z + s, l*s = 0. Calculate the remainder when 22 is divided by z.
1
Calculate the remainder when -5 + ((-12 - -921) + 7 - (1 - 1)) is divided by 111.
23
Let u(c) = 36 - 20*c**2 + 10 - 1 + c**3 - 2*c + 29*c**2. Calculate the remainder when u(-8) is divided by 9.
8
Suppose -15*c = -2709 - 8811. Let t = 1270 - c. Suppose -43 + t = 3*n. What is the remainder when n is divided by 26?
23
Let m(k) = 17 - 133 + 14 + 27 + 12*k. What is the remainder when m(21) is divided by 46?
39
Suppose -5*o = -4*m + 1419, -3*m - 218 + 1265 = 2*o. What is the remainder when 718 is divided by m?
16
Let p(a) = 53*a + 17. Let h be p(-14). Let d = 1069 + h. Calculate the remainder when d is divided by 23.
22
Suppose -656*n + 636 = -644*n. What is the remainder when 469 is divided by n?
45
Let y = -18005 - -18263. What is the remainder when 436 is divided by y?
178
Suppose j + 88 = 3*j. Let n be (-2)/(((-8)/(-72))/(2/(-12))). Suppose 5*v = -7*t + 8*t + 871, -3*v + n*t = -513. What is the remainder when v is divided by j?
43
Let r(g) = 12*g + 16. Calculate the remainder when (4/12)/((-1)/(-306)) is divided by r(1).
18
Let s(k) = -156 - 8*k + 38*k + 146. Let z be s(5). Calculate the remainder when 79 is divided by 1 + -2 - z/(-5).
25
What is the remainder when 74 is divided by ((-4758)/104)/(14/(-8) - -1)?
13
Suppose 51645*h = 51679*h - 272. Calculate the remainder when 1105 is divided by h.
1
Calculate the remainder when ((-1536)/18 - -3)/(1/(-3)) is divided by 36.
31
Suppose 24 = 6*b - 654. Suppose 0 = -9*i + 22 + b. Calculate the remainder when 28 is divided by i.
13
Suppose 180*q - 5*n = 176*q + 737, -q + 2*n + 185 = 0. What is the remainder when q is divided by 49?
36
Suppose 4*q - 1234 = -2*i, -4*q + 7*q - 926 = -i. What is the remainder when q is divided by 294?
15
Calculate the remainder when 3298 is divided by ((-33)/(-15))/((-33)/(-990)).
64
Let s(j) = -j**3 - 26*j**2 + 105*j + 205. Calculate the remainder when s(-30) is divided by 29.
17
Suppose -2*l = 10*l - 3456. Let o = l + -265. What is the remainder when o is divided by 5?
3
Let b = 128 + -70. Let i = -30249 - -30264. Calculate the remainder when b is divided by i.
13
Suppose f + p + 1 = 2*f, 2*f + 19 = -5*p. Let j be f/(-11) - 612/(-22). Suppose -y + 8 = k - 8, y - j = -5*k. What is the remainder when 19 is divided by y?
6
Suppose 3*i = i + 176. Let j = 133 + -13. Suppose 48*a - 40*a = j. Calculate the remainder when i is divided by a.
13
Let m = -208 - 6. What is the remainder when (-3 - m/(-6))*(-6)/4 is divided by 21?
16
Let a(f) = -f**3 + 3*f**2 + 14*f - 9. Let d = 23 - 18. What is the remainder when 30 is divided by a(d)?
8
Let k(m) = -m**3 + 13*m**2 - 25*m - 6. Let h be k(10). Suppose 22*y = 5*q + 19*y - 56, -4*q + h = -2*y. What is the remainder when 68 is divided by q?
8
Let r(u) = u**3 + 9*u**2 + 8*u + 2. Let q be r(-8). Let o be 517/4 - q/8. Let a = -41 + o. Calculate the remainder when a is divided by 45.
43
Let o(u) be the third derivative of 19*u**4/24 + 11*u**3/6 + 12*u**2. Let q be o(-4). Let x = 85 + q. Calculate the remainder when 95 is divided by x.
15
Let c(o) = 1861*o + 11374. Calculate the remainder when c(-5) is divided by 2067.
2
Suppose 7562 = 20*h - 1238. What is the remainder when h is divided by 112?
104
Let t(x) = 2*x**2 - 17*x + 26. Let r be t(7). Suppose d = -r*n + 8, -d + 3 + 7 = 4*n. What is the remainder when d is divided by 8?
2
Let h = -135 - -149. Let v be (10 + -1)*h/(-6). Let s = 49 + v. What is the remainder when 53 is divided by s?
25
Suppose -28 = -q - 0*q. Let d(k) = k**3 - 7*k**2 - 8*k - 13. Let z be d(8). Let c(l) = -9*l + 20. What is the remainder when c(z) is divided by q?
25
Let z(w) = 4*w**3 - w**2 - 8*w - 4. What is the remainder when 380 is divided by z(4)?
176
Suppose 0 = -0*s - 4*s + 4*f - 2236, 0 = -5*s - 3*f - 2779. Let w = 282 + s. What is the remainder when (-11)/(w/2490) + 3/(-5) is divided by 20?
19
Calculate the remainder when (-11 - (-5)/(10/12))*-242 is divided by 57.
13
Let k(y) be the third derivative of -y**6/120 + 7*y**5/20 - 2*y**4/3 + 5*y**3/2 + 12*y**2 + 1. What is the remainder when k(20) is divided by 28?
11
Let v = 465 + -436. What is the remainder when 226 is divided by v?
23
Let k(t) = -10*t**2 + 21*t + 102. Let i(x) = 2*x**2 + x - 1. Let v(r) = 6*i(r) + k(r). Calculate the remainder when 98 is divided by v(-10).
20
Let y = 221 + -112. Suppose 0 = -5*l + i - 2*i - 5, 4*l - 20 = 4*i. Let a = 37 + l. What is the remainder when y is divided by a?
35
Suppose -4*q - 2*k - 696 = 0, -12*q + 13*q = -5*k - 156. What is the remainder when (40/(-10))/(2/q) is divided by 51?
46
Suppose 0*l - 8*l + 184 = 0. Let s = 59 - -8. Calculate the remainder when s is divided by l.
21
Let c = -36162 - -36180. Calculate the remainder when 633 is divided by c.
3
Let t = 7 - -1. Suppose -2718 = 3213*d - 3515*d. What is the remainder when (153/(-12))/((-3)/t) is divided by d?
7
Let g(d) be the third derivative of -d**5/60 - 11*d**4/12 + 10*d**3/3 + 88*d**2. Calculate the remainder when g(-14) is divided by 5.
2
Let y = 44 + -27. Calculate the remainder when 47 is divided by (24/102)/(-2) + 274/y.
15
Suppose 77*d - 49959 = 120597 + 1847. What is the remainder when d is divided by 118?
115
Let y = -15 - -6. Let g be (y/(-3) - 4)/((-2)/6). Suppose 3*t = -3*s + 2*s + 25, g*t = 5*s - 71. What is the remainder when 78 is divided by s?
14
Let j = 106 + -54. Let i = j - 35. Calculate the remainder when 36 is divided by i.
2
Suppose -3*x = -7 + 10. What is the remainder when 5/20*0 - (x - 153) is divided by 56?
42
Suppose -p - 2*m - 3*m + 18 = 0, -4*p = 5*m - 27. Let f = 13 - p. Suppose 2*s = -3*r + f + 18, -4*r - s = -29. What is the remainder when r is divided by 4?
2
Let i = 2634 + -2265. What is the remainder when i is divided 